e 2?
111011110100010100
-97705 (base 11) to base 4
-202221302
What is 10111110011100000 (base 2) in base 6?
2031224
What is -203110203013 (base 4) in base 10?
-9259207
Convert -1112032033 (base 4) to base 11.
-221381
Convert 1024031400 (base 6) to base 8.
51235230
What is 10100001101010101 (base 2) in base 10?
82773
-12026 (base 15) to base 6
-1121443
What is 244c7c (base 13) in base 6?
30333205
Convert 232257 (base 9) to base 5.
13430303
What is aaa50 (base 16) in base 7?
5640533
What is -11200013323 (base 4) in base 14?
-297895
Convert -13062080 (base 9) to base 12.
-2196290
Convert 269a3b (base 12) to base 14.
128cb5
-81c6d5 (base 16) to base 12
-2a21a99
2696a44 (base 12) to base 9
15370237
What is -68296 (base 13) in base 16?
-2e3db
-32033400 (base 6) to base 15
-137d00
-64b0 (base 16) to base 4
-12102300
Convert -31111011 (base 5) to base 8.
-757671
104b01 (base 14) to base 11
346a40
5834f0 (base 16) to base 15
792c15
-4353653 (base 8) to base 9
-2172007
14914c (base 13) to base 11
315905
Convert -769883 (base 10) to base 3.
-1110010002012
What is -133226 (base 11) in base 5?
-23143422
e3b8 (base 16) to base 10
58296
What is 11044340 (base 5) in base 6?
2024205
-10010101111010010111100 (base 2) to base 14
-91c2ba
What is 1488527 (base 9) in base 13?
22c1b3
-1907a (base 13) to base 14
-13919
Convert -4869254 (base 10) to base 13.
-1016420
2c7700 (base 14) to base 5
344312340
What is 2458641 (base 13) in base 3?
210021010000100
What is 11c052 (base 15) in base 4?
3033222101
What is 147b9 (base 15) in base 14?
1a014
What is -25635 (base 15) in base 7?
-1005320
2021210012110 (base 3) to base 6
42022103
What is -1320001140 (base 5) in base 7?
-36614552
Convert 1bb45c (base 13) to base 7.
6016043
1c372e (base 15) to base 3
2121001002222
10002200112 (base 3) to base 7
342602
What is 43a31 (base 11) in base 7?
354003
113130141 (base 5) to base 12
211393
What is 111000010110000111100 (base 2) in base 6?
103323500
Convert -31210111303 (base 4) to base 7.
-42142312
What is -1244200202 (base 5) in base 10?
-3115677
What is 10201201220 (base 3) in base 13?
27570
What is -3a25aa (base 16) in base 3?
-21011121100011
Convert 430050425 (base 6) to base 7.
121205066
Convert 295bb3 (base 13) to base 3.
1220110001122
Convert 6b4 (base 14) to base 5.
20314
What is -364590 (base 15) in base 9?
-4786820
What is -11402214 (base 5) in base 10?
-106559
Convert 87399b (base 12) to base 4.
20023003013
What is -101011001000022 (base 3) in base 7?
-63563411
What is 11425412 (base 6) in base 9?
610818
-122301232 (base 5) to base 11
-3715a6
410151334 (base 6) to base 3
111012022000211
What is -2585433 (base 12) in base 14?
-da587d
Convert -928038 (base 12) to base 8.
-10602054
Convert -c1a4d (base 14) to base 2.
-1110001101101100101
What is -303011231 (base 4) in base 11?
-133248
Convert -33213442 (base 5) to base 15.
-5a7b7
What is 560650 (base 11) in base 13?
253b32
-312012 (base 10) to base 15
-626ac
What is 110011000000111111 (base 2) in base 11?
132aa3
Convert 548072 (base 10) to base 6.
15425212
What is -39021 (base 13) in base 15?
-213c3
What is 530a89 (base 14) in base 10?
2806449
Convert -2addbd (base 16) to base 8.
-12556675
What is -123111103 (base 4) in base 16?
-1b553
What is -221020434 (base 5) in base 3?
-1210111022122
What is 61635 (base 8) in base 5?
1304001
-4889b0 (base 14) to base 4
-21132010332
-10562412 (base 7) to base 8
-3412373
What is -449725 (base 10) in base 13?
-129913
What is 1871075 (base 9) in base 12?
427b65
ef67 (base 16) to base 3
10010001220
Convert -18e695 (base 15) to base 16.
-1282bb
Convert -5582a (base 11) to base 15.
-18e5a
What is 404302 (base 7) in base 4?
100302031
-11112110 (base 6) to base 13
-b9cca
What is 1011110101100 (base 2) in base 16?
17ac
Convert -1a644b0 (base 12) to base 13.
-1213a7c
Convert 222120310121 (base 4) to base 15.
e97555
-15ab11 (base 12) to base 14
-994bb
-10210012021 (base 3) to base 4
-102030010
Convert -173e9 (base 16) to base 7.
-544402
204123202 (base 5) to base 16
cf2a8
Convert 18610503 (base 9) to base 6.
533214520
What is -13123205 (base 6) in base 3?
-210220012212
-10a2c1 (base 15) to base 9
-1438741
Convert 1010110112210 (base 3) to base 15.
bca0c
-1442401012 (base 5) to base 9
-7251350
-11122210221 (base 3) to base 4
-112121011
-4016045 (base 8) to base 13
-2ac72c
What is 121101122001 (base 3) in base 5?
40311203
What is -5ab76b (base 13) in base 8?
-10211332
-323002211 (base 4) to base 14
-641b7
What is -2885ab (base 12) in base 15?
-d5e52
15263341 (base 7) to base 9
2666117
4350b (base 16) to base 10
275723
What is 1332133 (base 5) in base 6?
325440
What is 3043657 (base 9) in base 12?
6634a4
What is 77865 (base 12) in base 14?
41a7b
Convert 2365184 (base 11) to base 15.
566079
-3401105 (base 6) to base 2
-101001110101000001
223120002 (base 4) to base 10
177666
Convert 102abaa (base 12) to base 11.
17a0930
Convert 105115215 (base 7) to base 10.
6374079
Convert -10134532 (base 6) to base 16.
-47738
Convert -127576 (base 13) to base 11.
-284156
Convert 12021022121110 (base 3) to base 15.
3a500c
What is 112597 (base 13) in base 2?
1100010111011100001
-4a14b (base 14) to base 11
-11429a
-2233124 (base 6) to base 4
-123230230
Convert -1128495 (base 11) to base 15.
-28e970
What is 10000000101001110001 (base 2) in base 14?
da081
Convert -1429744 (base 10) to base 5.
-331222434
What is -120104541 (base 6) in base 7?
-25052623
What is 1122202000 (base 3) in base 2?
111111101101000
-200312013130 (base 4) to base 5
-4201012033
What is 3475414 (base 8) in base 10?
949004
41d33 (base 14) to base 7
1231363
What is -2100111120 (base 3) in base 7?
-251652
Convert -520510 (base 8) to base 16.
-2a148
What is 1220230021 (base 4) in base 10?
428809
-365c6 (base 14) to base 13
-48626
10101011111011101000001 (base 2) to base 4
111133131001
What is -192689 (base 10) in base 14?
-50317
What is 110313032 (base 4) in base 7?
504065
What is 13882 (base 16) in base 3?
11001202001
-22230223223 (base 4) to base 6
-140035335
What is -834678 (base 11) in base 9?
-2460024
-1142030142 (base 5) to base 7
-31600611
Convert 8b6d7 (base 14) to base 12.
144139
What is 510064 (base 7) in base 3?
11101122001
What is -1ad5e (base 15) in base 2?
-10101010101011101
Convert -361112 (base 7) to base 9.
-108425
Convert 6e000 (base 16) to base 3.
211220001102
What is -161479 (base 16) in base 2?
-101100001010001111001
Convert -1a8580 (base 11) to base 10.
-318802
Convert 2011021212210 (base 3) to base 15.
179e59
Convert -1746552 (base 10) to base 2.
-110101010011001111000
What is 101110000100001110000011 (base 2) in base 16?
b84383
30ba5a (base 12) to base 8
2732046
Convert 3213041303 (base 5) to base 12.
2324a34
1dd06 (base 14) to base 15
17a97
What is -11100111100100001001 (base 2) in base 8?
-3474411
What is -195fc (base 16) in base 11?
-710a4
What is -1444542 (base 6) in base 9?
-137218
Convert -1010020102101 (base 3) to base 4.
-2101103203
What is 1329e (base 15) in base 4?
32332211
Convert 45bbb7 (base 12) to base 2.
100010001010111111011
222654 (base 8) to base 11
51536
What is -510f19 (base 16) in base 5?
-2324443111
Convert 282c44 (base 13) to base 14.
1b6372
What is 2412325 (base 6) in base 14?
34033
13366145 (base 9) to base 6
353231405
Convert -42222401 (base 5) to base 3.
-122212022021
Convert 3431241 (base 5) to base 7.
344100
-2bb45a (base 12) to base 10
-745414
-11003121 (base 4) to base 12
-bb89
What is 549367 (base 10) in base 5?
120034432
Convert 10101000100011100111101 (base 2) to base 6.
314214353
Convert -22bb0 (base 14) to base 7.
-501510
What is -2326b2 (base 12) in base 11?
-355a94
278406a (base 11) to base 3
100000111202210
Convert 44b88 (base 12) to base 5.
10412134
What is 1550117 (base 11) in base 7?
31345262
What is -203001101 (base 5) in base 7?
-10016541
Convert -71681 (base 12) to base 16.
-24181
113a43a (base 11) to base 8
7457344
What is -30d05 (base 15) in base 10?
-154805
142205656 (base 7) to base 2
100011100101110100001111
111100233120 (base 4) to base 16
550bd8
-1111100101111011 (base 2) to base 6
-1211403
1a4992 (base 11) to base 16
4ca77
Convert -404313043 (base 5) to base 16.
-18f446
What is -21101220112 (base 3) in base 4?
-203211011
-2110561 (base 7) to base 13
-8bc87
What is -90d76 (bas